) prime?
True
Let r be -2 + (-10)/(-5 - 204/(-42)). Is 204/r*(-9862)/(-3) composite?
True
Suppose -16 = -0*w - 4*w, -4*f = 3*w - 28. Suppose 20 = -5*y, 0*y + f*y - 33 = -a. Let n = 1432 + a. Is n a prime number?
True
Suppose 187*a - 7688037 = 13283240 - 4552864. Is a a prime number?
False
Let k = 82916 - 30279. Is k composite?
True
Is 7*199845/210*(-46)/(-3) composite?
True
Let m = 1229 + -3341. Let p = 815 - m. Is p a prime number?
True
Let i(y) = -37*y + 79. Let v(u) = 35*u - 80. Let t(w) = 6*i(w) + 7*v(w). Is t(29) a prime number?
False
Suppose -16782172 = -22*y - 14*y - 8*y. Is y a composite number?
False
Let i(x) = 6397*x**3 - x**2 + 4*x - 4. Let p be i(1). Suppose 0 = -5*r + d + p, -6*d = 3*r - d - 3832. Is r a prime number?
True
Let m(u) = 20*u**3 + 2*u**2 - 5*u + 5. Suppose n = 4*b - 5, -2*b + 4*n + n = -25. Suppose b*a - 5*a - 5*h = -20, 0 = a - 3*h + 4. Is m(a) composite?
False
Suppose -151 = -2*v - 133. Suppose -5172 - 5529 = -v*o. Is o a composite number?
True
Suppose 2*o + 3*x = 3*o - 4496, -4*o = x - 17945. Is o composite?
True
Let x = 7612 + -11524. Let m be (2/2)/((-4)/x). Suppose 3*l - 2877 = m. Is l a composite number?
True
Let m(j) = -j**3 - 9*j**2 - 8*j + 2. Let b be m(-8). Suppose -3*l + 3*x + 4332 = 0, -l - 2*l + 4304 = 4*x. Suppose -b*z = -l - 1282. Is z prime?
True
Suppose -4*h - 597 = 3*s, -5*s - h - 1009 = h. Let a be 6*2/18 + (-110950)/(-75). Let y = s + a. Is y a composite number?
False
Let a(g) = 2*g**3 - 7*g**2 + 11. Let p be a(3). Suppose -2*m - 487 = -b, p*b - 992 = -3*m - 2*m. Is b a prime number?
True
Is 26809 + 28/14 + 2 composite?
False
Let o be 3 + 4/(-24)*3*-6. Suppose -5*l = -o*l + 4. Suppose 0 = -l*x - 5*i + 4251, 0 = x - 3*i - 250 - 800. Is x prime?
False
Let m(a) = 14*a + 3 - 1 - 15*a. Let n be m(-15). Suppose -5*u - 320 = -5*t, t - 2*u = -n + 86. Is t composite?
False
Suppose 4*s - 37 = -5*c + 8, -20 = -3*s - c. Is s/((-40932)/(-5847) + -7) composite?
True
Let h = -27 + 59. Suppose 9*x - 5*x + h = 0. Is 2*(21380/x)/(-5) composite?
False
Let c(i) = 330633*i - 3131. Is c(2) a prime number?
False
Let c(v) = 2895*v + 56. Let b be c(-28). Is 66/110 + (-3)/(30/b) a composite number?
False
Suppose 0 = -2*f + 14, 10*r + 5*f + 1741378 = 13*r. Is r prime?
True
Suppose -2504 + 722 = 2*f. Let p = f + 2774. Is p a prime number?
False
Let z be (-2)/4 - (-198)/36. Suppose -z*p - 282 = -3337. Suppose 0*v + 2*v = 0, -5*v = -s + p. Is s composite?
True
Let o(k) = k**3 - 9 + 0*k**3 - 9*k**3. Suppose 168*f + 5*r = 167*f - 34, -4*f - 34 = 3*r. Is o(f) composite?
False
Is (-349910)/(-6) + (-1)/((-57)/38) a composite number?
True
Let m(o) = -o**3 - 13*o**2 + 5. Let f be m(-13). Let s(u) = 973*u - 21. Let q be s(f). Suppose 7*h - q = 4361. Is h composite?
True
Let i = 2314 - 3592. Suppose 5*y + 1814 = a, -y - 4*y - 3633 = -2*a. Let m = a + i. Is m prime?
True
Let v be 6 - (2 + 3 + -5 - -4). Suppose -v*c + x + 20555 = -1047, x = -3*c + 32393. Is c prime?
True
Let d(p) = p**3 - 101*p**2 - 289*p + 537. Is d(106) a prime number?
True
Let d(m) = 33*m**2 - 71*m + 829. Is d(19) composite?
False
Suppose p + 4 = -4*t - 17, -p = -5*t - 24. Is (887 + -7)/(3/15) + p prime?
False
Let f(n) = 2*n**2 - 12*n + 6. Let x be f(8). Is (-914865)/(-399) + 4/x prime?
True
Is 1*39444 - (2 + -12) a prime number?
False
Suppose -3*q + 94 = -2*n, -n + 5*q = 15 + 46. Let j = 39 + n. Is (-4)/j*1222/4 a composite number?
True
Is (-12)/10*645365735/(-2037) a prime number?
False
Let k be (-3 + 12)*(-5)/(-15). Suppose 1337 = -2*n + k*n. Suppose -4*v = -0*v + 3*a - 1786, -3*v = a - n. Is v a prime number?
False
Let t be (-1)/(-3) + 2/(6/1379). Suppose 2*y - q - 926 = 0, -q = y - 3*q - t. Let r = 2105 - y. Is r a composite number?
True
Let r(g) = -g**2 - 20*g - 15. Let x be r(-19). Is (9876/16 - -3)*x a prime number?
False
Let w(p) = -3*p + 7. Let q(c) = -2*c**2 - 14*c + 2. Let t be q(-7). Let j be w(t). Is 1*(-719)/1*(j + -2) composite?
False
Suppose 770*d = 773*d + 12. Let o(g) = -1327*g - 15. Is o(d) a prime number?
False
Suppose -3107170 = -5*s + 40*a - 35*a, 5*s - 3107158 = a. Is s a prime number?
True
Is (5 + (1 - 838067))*(-12 - -4 - -7) prime?
False
Let m = -5171 - -55206. Suppose 12*t = 17*t - m. Is t a composite number?
False
Let k = -2140 - -3073. Let f = k + 6962. Is f a composite number?
True
Let s = 267999 + -127580. Is s a composite number?
False
Is -16773*((-1564)/69 + 5) a prime number?
False
Let h be (-3 + 0)*52/(-78). Suppose -h*n + 8 = 2, -4*n + 38504 = 4*m. Is m prime?
True
Let b(q) = -2*q**3 + 8*q - 12. Let d be b(2). Let k be 1799 - (-1 + -2 - -1). Is k/7 - -2 - d/(-42) a composite number?
True
Let q = 190 - 187. Suppose -m = q*m - 6764. Is m a prime number?
False
Let i(l) = -13*l**3 - 6*l**2 + 6*l - 4. Let b be i(4). Let f be 14/(-119) - 4*(-27687)/(-204). Let v = f - b. Is v composite?
True
Let n = 2 - -2. Suppose 2*i - 3*p - n = -2*p, 4*i - 4 = 4*p. Suppose 5*f + 360 = 6*s - i*s, 2*f + 6 = 0. Is s prime?
False
Suppose 44*i - 121*i = -59214463. Is i a prime number?
True
Let l(a) = a**3 + 5*a**2 - 31*a + 17. Let k be l(-7). Is (1/7 + k/(-119))*-12953 a prime number?
True
Let t be 9894 + 7 + -17 + 4. Suppose 21202 = 10*a - t. Is a a composite number?
False
Let p(v) = 279*v**3 - 4*v**2 - v + 4. Let u(r) = -559*r**3 + 7*r**2 - 7. Let d(b) = -7*p(b) - 3*u(b). Is d(-4) composite?
True
Let j = -25 + 32. Let c(v) = 92*v + 17. Let z(x) = -31*x - 6. Let f(o) = 4*c(o) + 11*z(o). Is f(j) a composite number?
False
Let k(c) = -48 + c + 105*c**2 + 105*c**2 + 44. Is k(3) composite?
False
Is 41 + -34 + 4120/1 a composite number?
False
Let l(v) = v**3 + 8*v**2 + 7*v + 2. Let p be l(-7). Let f(w) = 6*w**2 + 1. Let g be f(p). Let r = 87 - g. Is r a prime number?
False
Suppose -2*u + 2003 + 619 = -2*a, -u - 4*a = -1296. Suppose 0 = -3*c + 5625 - u. Suppose 4*q = -3*m + c, m - 482 = -q + 2*q. Is m composite?
True
Suppose -154301 = -6*l - 1667. Is l prime?
True
Let u = 29 - 21. Let o(x) = 2*x**3 - 16*x**2 - 4*x - 4. Let a be o(u). Is (-698)/a*2 - 8/(-36) a prime number?
False
Suppose -37 = -4*a + 5*w, -3*a = -4*w - 32 + 4. Suppose -4*o + 2*d = -10122, a = d + 3. Is o prime?
False
Suppose -36*l = -53*l - 68. Is (l + 0)*((-20838)/24 + 10) a composite number?
False
Let t(q) = 5180*q**2 + 361*q + 1820. Is t(-5) prime?
False
Let v(z) = 13*z**2 - 53*z + 453. Is v(46) a prime number?
True
Suppose 9*g + 32 = 17*g. Let r be 3*g/(-78) - 12144/(-13). Let p = 1569 + r. Is p a composite number?
False
Is (-11)/(-33)*-21*(-761414)/14 a prime number?
True
Let t be 1/(35/(-10)) - (-30897)/21. Suppose -10*q + t = -9*q. Is q composite?
False
Let w(k) = 4*k**3 + k**2 - 12*k - 46. Suppose 2*i - 39 = -3*j + 5*i, 4*i = -5*j + 83. Is w(j) a prime number?
True
Suppose 0 = 12*g - 108434 + 37466. Suppose 0 = -14*s + 12*s - 4*z + g, 0 = -z. Is s a prime number?
True
Let u = 34112 - 9055. Is u composite?
False
Let d = 44029 - 15530. Is d a prime number?
True
Suppose 0 = 2*t + 4*i + 20, 4*t = -0*i - 4*i - 20. Suppose -3*h = 4*h - 16324. Suppose -h = -4*d - 5*x, -3*d - d - 4*x + 2332 = t. Is d a prime number?
False
Let k(n) = 22724*n**2 - 341*n - 1736. Is k(-5) a prime number?
True
Let w = 95 + -63. Is 4/w*-6 - 369596/(-16) a prime number?
True
Let z(y) = -197*y**3 - 3*y**2 - 4*y - 5. Let l be z(-2). Is l - (0 + 2 + (-15 - -9)) a prime number?
True
Suppose 33*o - 80 = 28*o. Let j(a) = -2*a + 36. Let i be j(o). Suppose x = -4*q + 3063, -12265 = -0*x - i*x - 3*q. Is x a composite number?
False
Let a(o) = 408*o + 126886. Is a(0) a prime number?
False
Is (8/16)/(-1)*-1174804*1/2 prime?
True
Suppose -46460 = -4*k - 3*s, -46440 = -4*k + 2*s - 0*s. Suppose 0*u - g = 5*u, 0 = 4*u - 5*g. Suppose u = -4*o + 1824 + k. Is o a composite number?
False
Let q = 356236 - 250879. Is q/105 + (-4)/10 composite?
True
Let v = 43 + -49. Let m(c) = -c**2 - 5*c + 8. Let k be m(v). Let l = 129 - k. Is l a composite number?
False
Suppose -19733970 - 7063301 = -115*t + 23653574. Is t composite?
True
Suppose 0 = -38*b + 39*b - 11. Let f(t) = 30*t**2 - 23. Is f(b) a composite number?
False
Suppose -2*k = -2*g + 871160, -4*g + 434*k + 1742347 = 439*k. Is g prime?
True
Let b = 14 - 15. Let h be ((-70)/(-25))/(b/(-175)). Is (3 - h)*(-4)/4 a composite number?
False
Let a be -3 - (-9649)/4 - 15/(-20). Let f = 3507 - a.